 the remainder when 7637 is divided by 2511.
104
Calculate the remainder when 74084 is divided by 73.
62
What is the remainder when 485627 is divided by 143?
142
Calculate the remainder when 100181 is divided by 50014.
153
What is the remainder when 58252 is divided by 13?
12
Calculate the remainder when 5980 is divided by 5903.
77
What is the remainder when 813 is divided by 255?
48
Calculate the remainder when 747 is divided by 5.
2
What is the remainder when 1380 is divided by 592?
196
What is the remainder when 2995 is divided by 497?
13
Calculate the remainder when 336295 is divided by 354.
349
Calculate the remainder when 1657 is divided by 101.
41
What is the remainder when 273814 is divided by 780?
34
Calculate the remainder when 11686 is divided by 11656.
30
What is the remainder when 521 is divided by 242?
37
What is the remainder when 274317 is divided by 10?
7
Calculate the remainder when 14926 is divided by 3538.
774
What is the remainder when 2247 is divided by 60?
27
Calculate the remainder when 78312 is divided by 44.
36
Calculate the remainder when 68070 is divided by 17017.
2
Calculate the remainder when 4877 is divided by 122.
119
Calculate the remainder when 600144 is divided by 9.
6
Calculate the remainder when 41010 is divided by 93.
90
Calculate the remainder when 137227 is divided by 58.
57
Calculate the remainder when 101125 is divided by 156.
37
Calculate the remainder when 1599739 is divided by 33.
31
Calculate the remainder when 445308 is divided by 20.
8
What is the remainder when 10732992 is divided by 91?
88
What is the remainder when 5021 is divided by 2?
1
What is the remainder when 487 is divided by 83?
72
What is the remainder when 11479 is divided by 187?
72
Calculate the remainder when 1883 is divided by 1835.
48
Calculate the remainder when 6518 is divided by 6508.
10
Calculate the remainder when 14470 is divided by 1314.
16
What is the remainder when 21954 is divided by 173?
156
Calculate the remainder when 372588 is divided by 44.
40
What is the remainder when 406972 is divided by 329?
328
Calculate the remainder when 102110 is divided by 43.
28
What is the remainder when 187530 is divided by 31255?
0
What is the remainder when 78543 is divided by 203?
185
Calculate the remainder when 7747 is divided by 4.
3
Calculate the remainder when 907639 is divided by 9168.
7
Calculate the remainder when 2277 is divided by 309.
114
Calculate the remainder when 708 is divided by 193.
129
What is the remainder when 3626 is divided by 227?
221
Calculate the remainder when 1951 is divided by 1019.
932
What is the remainder when 18133 is divided by 548?
49
What is the remainder when 2883 is divided by 367?
314
What is the remainder when 5727 is divided by 17?
15
Calculate the remainder when 90649 is divided by 41.
39
Calculate the remainder when 285854 is divided by 885.
884
What is the remainder when 53544 is divided by 14?
8
What is the remainder when 2418 is divided by 154?
108
Calculate the remainder when 216784 is divided by 403.
373
Calculate the remainder when 392 is divided by 272.
120
Calculate the remainder when 244990 is divided by 176.
174
What is the remainder when 188115 is divided by 689?
18
What is the remainder when 23828 is divided by 331?
327
Calculate the remainder when 221922 is divided by 218.
216
Calculate the remainder when 111054 is divided by 111037.
17
Calculate the remainder when 56145 is divided by 367.
361
Calculate the remainder when 92110 is divided by 152.
150
Calculate the remainder when 475773 is divided by 12.
9
Calculate the remainder when 5781885 is divided by 84.
81
What is the remainder when 188905 is divided by 26986?
3
What is the remainder when 152130 is divided by 157?
154
What is the remainder when 36608 is divided by 4066?
14
Calculate the remainder when 2491 is divided by 31.
11
Calculate the remainder when 361995 is divided by 238.
235
Calculate the remainder when 162619 is divided by 94.
93
What is the remainder when 8973 is divided by 41?
35
What is the remainder when 10703 is divided by 223?
222
Calculate the remainder when 6939 is divided by 139.
128
What is the remainder when 1961264 is divided by 13?
6
What is the remainder when 11595 is divided by 143?
12
Calculate the remainder when 2557 is divided by 13.
9
What is the remainder when 16427 is divided by 16405?
22
Calculate the remainder when 9441 is divided by 765.
261
What is the remainder when 2845 is divided by 137?
105
What is the remainder when 1864634 is divided by 937?
4
What is the remainder when 401 is divided by 194?
13
Calculate the remainder when 765 is divided by 158.
133
Calculate the remainder when 35863 is divided by 2239.
39
Calculate the remainder when 20001 is divided by 833.
9
What is the remainder when 3627 is divided by 874?
131
What is the remainder when 2622 is divided by 27?
3
What is the remainder when 15746 is divided by 63?
59
What is the remainder when 7844 is divided by 1698?
1052
Calculate the remainder when 1128 is divided by 985.
143
Calculate the remainder when 11914 is divided by 388.
274
What is the remainder when 17040 is divided by 8502?
36
What is the remainder when 158 is divided by 48?
14
What is the remainder when 495623 is divided by 321?
320
What is the remainder when 8023 is divided by 206?
195
What is the remainder when 261989 is divided by 369?
368
Calculate the remainder when 10567 is divided by 867.
163
What is the remainder when 675 is divided by 52?
51
What is the remainder when 389722 is divided by 955?
82
What is the remainder when 3884 is divided by 1275?
59
Calculate the remainder when 2140 is divided by 530.
20
Calculate the remainder when 5451 is divided by 171.
150
What is the remainder when 1158 is divided by 333?
159
What is the remainder when 19174 is divided by 137?
131
What is the remainder when 32990 is divided by 53?
24
What is the remainder when 690 is divided by 90?
60
What is the remainder when 503476 is divided by 166?
164
What is the remainder when 2092 is divided by 173?
16
Calculate the remainder when 95604 is divided by 27.
24
Calculate the remainder when 4002 is divided by 128.
34
What is the remainder when 8239 is divided by 912?
31
What is the remainder when 10063 is divided by 14?
11
What is the remainder when 25288 is divided by 275?
263
What is the remainder when 4064 is divided by 48?
32
What is the remainder when 3035 is divided by 69?
68
Calculate the remainder when 3522 is divided by 1721.
80
What is the remainder when 17531 is divided by 5712?
395
What is the remainder when 204 is divided by 80?
44
What is the remainder when 27635 is divided by 31?
14
Calculate the remainder when 60324 is divided by 139.
137
What is the remainder when 23178 is divided by 30?
18
What is the remainder when 2110508 is divided by 27?
26
What is the remainder when 2788 is divided by 566?
524
Calculate the remainder when 22643 is divided by 184.
11
Calculate the remainder when 12637 is divided by 42.
37
What is the remainder when 1124 is divided by 1076?
48
What is the remainder when 4424 is divided by 298?
252
What is the remainder when 5503 is divided by 87?
22
What is the remainder when 50711 is divided by 478?
43
Calculate the remainder when 8984 is divided by 1121.
16
Calculate the remainder when 10542 is divided by 3469.
135
What is the remainder when 3552297 is divided by 225?
222
Calculate the remainder when 98216 is divided by 3069.
8
What is the remainder when 62169 is divided by 145?
109
What is the remainder when 5624 is divided by 1384?
88
What is the remainder when 37619 is divided by 146?
97
Calculate the remainder when 6593 is divided by 1093.
35
What is the remainder when 6527 is divided by 534?
119
What is the remainder when 3507 is divided by 195?
192
What is the remainder when 38529 is divided by 38?
35
Calculate the remainder when 16547 is divided by 8233.
81
Calculate the remainder when 11404 is divided by 1401.
196
Calculate the remainder when 700345 is divided by 53872.
9
What is the remainder when 107791 is divided by 21?
19
What is the remainder when 43964 is divided by 16?
12
What is the remainder when 5666 is divided by 1774?
344
Calculate the remainder when 13485 is divided by 2929.
1769
What is the remainder when 468384 